8
Let k(g) = 7*g**2 + 14*g - 1440. Let b be k(30). What is the highest common factor of 110 and b?
110
Suppose -30 = -144*b + 149*b. Let i be b*18/15 + 2/10. Let w be 770/20*(16/i)/(-4). Calculate the highest common divisor of 198 and w.
22
Suppose -2*n = b + 4516, 7*b - 6*b + 9036 = -4*n. Let w = 36 - 86. Let x be 2/(-10) + n/w. Calculate the highest common divisor of 9 and x.
9
Let x be 180/27*6/10. Suppose -3*b = 3, b = -x*l + 6*b + 517. What is the highest common factor of 112 and l?
16
Let w = 123 - -80. Let z = -1665 + 1723. Calculate the highest common divisor of w and z.
29
Let w = 704 - -6506. What is the highest common factor of w and 14?
14
Let n be (4 + 6408/20)/(2/10). Let z = -962 + n. What is the highest common divisor of 60 and z?
60
Let v(p) = 9*p - 22 - 3*p - 9*p. Let s be v(-20). Let a = 86 - s. Calculate the greatest common divisor of 32 and a.
16
Let b = 10281 + -9412. Calculate the highest common divisor of b and 209.
11
Suppose 185 = 28*s - 25*s + 4*v, -2*s = 3*v - 125. Suppose -p = 4*p - 385. Calculate the highest common factor of s and p.
11
Let w be ((-30048)/(-320))/(6/180). Calculate the greatest common factor of w and 63.
9
Suppose -6*h = -7 + 133. Let d be 5*(-4)/12*h. Let z(p) = -3*p**3 + 4*p**2 + 6*p + 7. Let n be z(-2). What is the highest common factor of d and n?
35
Let l = -494 + 702. Suppose 0 = -16*b - 2*b + 11106. Suppose -695 = -3*q - b. Calculate the greatest common factor of l and q.
26
Let p = 6250 - 6201. Let t = -4 - -18. Calculate the highest common factor of t and p.
7
Suppose -6*n + 73 = -59. Let d(g) = g**2 - 21*g + 41. Let j be d(n). Calculate the highest common factor of j and 21.
21
Suppose -11*r + 0*r + 77 = 0. Suppose 0 = 19*v - 1665 + 1589. Calculate the highest common divisor of v and r.
1
Let o be -3 + ((-15672)/(-5) - 30/(-50)). Calculate the greatest common factor of o and 464.
116
Suppose 5*c - 2*n = 105, -10*n = 2*c - 15*n - 42. Suppose -c*w + 240 = -6*w. Calculate the highest common factor of 128 and w.
16
Suppose -237*j + 69971 - 7403 = 0. What is the highest common divisor of 40 and j?
8
Let n(z) = -z**3 - 8*z**2 + 21*z + 24. Let a be n(-10). Let d be 54/((8 + -1)*4/a). Calculate the greatest common divisor of 45 and d.
9
Suppose -2*s + 665 = 3*s. Let t be 17/(-17)*(-1 - -1). Suppose t = 26*i - 580 + 86. Calculate the highest common factor of i and s.
19
Let h(y) = -22*y**2 - 3*y + 4. Let n be h(-2). Let c be (n/(-9))/(286/(-48) - -6). What is the highest common divisor of c and 32?
16
Suppose 3*j - 5450 + 395 = -2*n, -n + 2*j + 2552 = 0. What is the highest common divisor of 658 and n?
94
Suppose -1100 = -5*j + 4*i, -3*j - 6*i = -3*i - 633. Suppose 14*x - j = 6*x. Let r be (x/(-15))/((-3)/15). What is the highest common divisor of 2 and r?
1
Let i(c) = -135*c**3 - c - 1. Let z be i(-1). Let b(g) = g**3 - 13*g**2 + 35*g + 24. Let v be b(9). Calculate the greatest common factor of v and z.
15
Let g(w) = 3*w**2 + 255*w + 52. Let l be g(-85). Calculate the highest common divisor of 1443 and l.
13
Suppose 2*r - 46 = -2*z + 36, -4*r = -4*z + 196. Let d(x) = 80*x + 6785. Let g be d(-82). Calculate the greatest common factor of g and z.
45
Suppose 5*g - 4*z - 4356 = 0, -4*g - 136*z + 3488 = -140*z. Calculate the highest common factor of g and 28.
28
Suppose 23*w + 18750 - 6905 = 0. Let h = 535 + w. Calculate the highest common divisor of 70 and h.
10
Suppose -560 = 14*q - 1540. Let p be 7/((-2)/(-12)*1). Calculate the highest common divisor of q and p.
14
Let l(d) = -2*d + 44. Let u be l(10). Suppose 2*h = -a + 21, 0 = u*a - 25*a + 2*h + 13. Suppose 3*w = -w + 272. What is the highest common factor of w and a?
17
Suppose 0 = 5*f + 16 + 4, -20 = -2*o + f. Suppose 117 + 73 = 19*g. What is the greatest common factor of g and o?
2
Let g be 990/15 - (3 - 7). What is the highest common factor of g and 250?
10
Suppose h = -5*d + 2, 2866*d + 74 = h + 2862*d. Suppose 0 = 2*b, 0 = -3*g - 5*b + 55 + 134. What is the greatest common factor of g and h?
21
Let y = 4761 + -4533. Calculate the greatest common factor of y and 3021.
57
Let a be 1 - -335 - (-12)/3. Suppose 7*r - a = 185. What is the greatest common divisor of 15 and r?
15
Let f = -818 + 1102. Let h = f + -171. Calculate the highest common divisor of h and 452.
113
Suppose -3*s - n = -213, 0 = 5*s + 2*n - 267 - 89. What is the highest common divisor of 21 and s?
7
Let a(t) = 12*t**2 - 91*t - 27. Let b be a(-6). Calculate the greatest common factor of b and 6.
3
Let d = -2 - -3. Suppose 13*n - 4*n + 10*n = 0. Suppose -64 = -4*o + 4*i, -o + 5*i = -n*o - 36. What is the greatest common factor of d and o?
1
Let h(q) = -q**2 + 9*q + 7. Let u be h(10). Let z be (30/9 + u)*33. Let r = 321 + -288. What is the greatest common divisor of r and z?
11
Suppose s + 153 = -4*s - 3*r, 0 = 2*s + r + 62. Let f = -44 - s. Let y = 17 - f. What is the greatest common factor of y and 196?
28
Suppose -14*u - 13500 = -18*u + 5*i, 5*u - 16830 = -5*i. Calculate the highest common factor of u and 20.
10
Let k = -78 - -81. Let y be (-5 - 23 - -6)*k/(-6). Calculate the greatest common divisor of y and 341.
11
Let o(v) = 108*v - 3016. Let b be o(38). Calculate the highest common divisor of b and 612.
68
Suppose -2*w = 2*q - 242, 15*w - 12*w = -5*q + 369. Suppose w = n - 25. Calculate the greatest common divisor of n and 22.
11
Suppose 4*n - 724 = 2*k, 0 = -2*n + 4*k + 59 + 297. Let g = n - 152. What is the greatest common factor of g and 130?
10
Let d = 7255 - 6991. What is the highest common factor of 704 and d?
88
Suppose 37 - 41 = -2*x. Let i be -3 + (225 - 0) - x. Let k be ((-3)/3)/(1/(-20)). What is the highest common divisor of i and k?
20
Let z = 2 - -2. Let w = z - -3. Let n = 81708 - 81694. Calculate the highest common divisor of n and w.
7
Suppose 175*p + 10296 = -185*p + 69336. What is the highest common divisor of p and 1517?
41
Let w = 147 - 141. Suppose w*l + 162 = -126. Let o = 62 + l. What is the greatest common divisor of 56 and o?
14
Suppose 3*s - 160 = 4*i, 4*s + i - 90 - 98 = 0. Suppose -24 = 13*n - 15*n - o, 0 = -4*n + 4*o + s. Calculate the greatest common factor of 68 and n.
4
Suppose -2139 = -4*s + 3297. Calculate the greatest common divisor of s and 755.
151
Suppose 0 = 3*p + 3*h - 693, 5*h = p + 4*p - 1165. Suppose 0 = -y + 6*y - 315. Let z = -34 + y. Calculate the highest common factor of p and z.
29
Suppose k + 80 = 6*k. Suppose 16 = -12*f - 20*f + 36*f. Calculate the highest common divisor of k and f.
4
Suppose 4*p - 74 = -12*g + 11*g, -g + 2 = 0. Suppose -4*j - 6 + 58 = 0. Let m be (j - 4)*(3 - (-8)/2). Calculate the greatest common divisor of p and m.
9
Let s be 19/(513/(-864))*(-34)/4. What is the highest common factor of 1328 and s?
16
Suppose 5*y - 5*i + 25 = 0, -15 = -9*i + 4*i. Let h be -2*(y + 4) + 140. Suppose -77 = -3*q + 25. What is the highest common divisor of h and q?
34
Let k be 6/12 + 586/4. Let u = -143 + k. Calculate the highest common divisor of 26 and u.
2
Let u be (6 - 7)/((-1)/9). Let z(i) = i**3 - 2*i**2 - 6*i + 18. Let f be z(6). Suppose q = -q + f. What is the greatest common divisor of q and u?
9
Let s = -14936 - -15021. Suppose 2*l - 255 = -l. What is the greatest common factor of l and s?
85
Let o = -78 - 64. Suppose 2 = 5*c + 62. Let k be o/c + (-21)/(-126). What is the highest common factor of k and 48?
12
Let g be 4 + (10 + 2)/(-6) + 5. Let y(r) = -r**3 + 10*r**2 + 6*r + 1. Let z be y(g). What is the greatest common factor of 20 and z?
10
Suppose 0 = 2*t - 3*i - 532, 5 = -5*t - i + 1318. Suppose 0 = t*j - 259*j - 328. What is the highest common divisor of 41 and j?
41
Let r = -223421 + 223694. Suppose -4*i + 114 = -42. Calculate the greatest common divisor of r and i.
39
Let g(q) = -43*q**3 - 2*q**2 - 1. Let z be g(-1). Suppose 0 = -4*n + 59 + 61. Calculate the greatest common divisor of z and n.
10
Let h be 28/(-56)*(-9 - 1). Suppose 7*r - 276 = h*r. Calculate the highest common factor of r and 46.
46
Let y = -947 - -948. Suppose 3*c + 1 = 10. Let d be 1/((-3)/(c*-7)). What is the greatest common factor of y and d?
1
Suppose -4*g - 12*u = -9*u - 222, 3*u = 6. Suppose -12*a + g = -42. Calculate the highest common divisor of a and 3.
1
Suppose -640 = 2*j + 4*y, -2*j - 1600 = 3*j + 2*y. Let w be 3/8 + (-3714